{"id":679,"date":"2018-04-20T17:10:55","date_gmt":"2018-04-20T16:10:55","guid":{"rendered":"http:\/\/www.cuem.info\/?page_id=679"},"modified":"2018-06-27T11:46:45","modified_gmt":"2018-06-27T10:46:45","slug":"joelle-fontaine-grece-1941-1946-une-grande-resistance-brisee-par-limperialisme-britannique","status":"publish","type":"page","link":"https:\/\/www.cuem.info\/?page_id=679","title":{"rendered":"16\/3\/2017 &#8211; Jo\u00eblle FONTAINE&nbsp;:<br><b>Gr\u00e8ce 1941-1946 : une grande r\u00e9sistance bris\u00e9e  par l\u2019imp\u00e9rialisme britannique<\/b>"},"content":{"rendered":"<p>\u00c9couter l&rsquo;intervention :<\/p>\n<!--[if lt IE 9]><script>document.createElement('audio');<\/script><![endif]-->\n<audio class=\"wp-audio-shortcode\" id=\"audio-679-1\" preload=\"none\" style=\"width: 100%;\" controls=\"controls\"><source type=\"audio\/mpeg\" src=\"http:\/\/www.cuem.info\/wp-content\/uploads\/2018\/04\/JoelleFontaine-1.mp3?_=1\" \/><a href=\"http:\/\/www.cuem.info\/wp-content\/uploads\/2018\/04\/JoelleFontaine-1.mp3\">http:\/\/www.cuem.info\/wp-content\/uploads\/2018\/04\/JoelleFontaine-1.mp3<\/a><\/audio>\n","protected":false},"excerpt":{"rendered":"<p>\u00c9couter l&rsquo;intervention :<\/p>\n","protected":false},"author":1,"featured_media":0,"parent":526,"menu_order":50,"comment_status":"closed","ping_status":"closed","template":"","meta":[],"_links":{"self":[{"href":"https:\/\/www.cuem.info\/index.php?rest_route=\/wp\/v2\/pages\/679"}],"collection":[{"href":"https:\/\/www.cuem.info\/index.php?rest_route=\/wp\/v2\/pages"}],"about":[{"href":"https:\/\/www.cuem.info\/index.php?rest_route=\/wp\/v2\/types\/page"}],"author":[{"embeddable":true,"href":"https:\/\/www.cuem.info\/index.php?rest_route=\/wp\/v2\/users\/1"}],"replies":[{"embeddable":true,"href":"https:\/\/www.cuem.info\/index.php?rest_route=%2Fwp%2Fv2%2Fcomments&post=679"}],"version-history":[{"count":7,"href":"https:\/\/www.cuem.info\/index.php?rest_route=\/wp\/v2\/pages\/679\/revisions"}],"predecessor-version":[{"id":782,"href":"https:\/\/www.cuem.info\/index.php?rest_route=\/wp\/v2\/pages\/679\/revisions\/782"}],"up":[{"embeddable":true,"href":"https:\/\/www.cuem.info\/index.php?rest_route=\/wp\/v2\/pages\/526"}],"wp:attachment":[{"href":"https:\/\/www.cuem.info\/index.php?rest_route=%2Fwp%2Fv2%2Fmedia&parent=679"}],"curies":[{"name":"wp","href":"https:\/\/api.w.org\/{rel}","templated":true}]}}