{"id":560,"date":"2017-04-18T09:00:32","date_gmt":"2017-04-18T08:00:32","guid":{"rendered":"http:\/\/www.cuem.info\/?page_id=560"},"modified":"2018-06-27T17:52:34","modified_gmt":"2018-06-27T16:52:34","slug":"ass-afaspa-imperialisme-dans-lafrique-daujourdhui-1912017","status":"publish","type":"page","link":"https:\/\/www.cuem.info\/?page_id=560","title":{"rendered":"19\/1\/2017 &#8211; Association AFASPA&nbsp;:<br><b>Imp\u00e9rialisme dans l&rsquo;Afrique d&rsquo;aujourd&rsquo;hui<\/b>"},"content":{"rendered":"<p>Sommaire :<\/p>\n<ul>\n<li>Jean-Claude RABEHERIFARA*, <a href=\"#JCR\">Imp\u00e9rialisme dans l\u2019Afrique d\u2019aujourd\u2019hui et crises du capitalisme<\/a><\/li>\n<li>Mich\u00e8le DECASTER, <a href=\"#MD\">Les imp\u00e9rialismes dans l\u2019Afrique d\u2019aujourd\u2019hui<\/a><\/li>\n<\/ul>\n<p>* Directeur adjoint de l\u2019AFASPA (Association Fran\u00e7aise d\u2019Amiti\u00e9 et de Solidarit\u00e9 avec les Peuples d\u2019Afrique).<\/p>\n<h3 id=\"JCR\">Jean-Claude RABEHERIFARA&nbsp;: <strong>Imp\u00e9rialisme dans l\u2019Afrique d\u2019aujourd\u2019hui et crises du capitalisme<\/strong><\/h3>\n<p>Le mot \u00ab\u00a0imp\u00e9rialisme\u00a0\u00bb est issu du mot \u00ab\u00a0empire\u00a0\u00bb pour le XIX<sup>e<\/sup> si\u00e8cle. Pour le XX<sup>e<\/sup> si\u00e8cle c\u2019est la m\u00eame id\u00e9e, mais le contexte et les moyens pour y parvenir sont diff\u00e9rents.<\/p>\n<p><strong><u>L\u2019id\u00e9e<\/u><\/strong> est d\u2019\u00e9tendre le plus loin possible \u2013 dans l\u2019espace et dans le temps \u2013 l\u2019exercice du pouvoir politique, culturel et militaire.<\/p>\n<p><strong><u>Les moyens<\/u><\/strong>\u00a0:<\/p>\n<ul>\n<li>Avoir l\u2019arm\u00e9e la plus puissante possible\u00a0;<\/li>\n<li>Accepter \u00e0 la p\u00e9riph\u00e9rie des pouvoirs autonomes mais subordonn\u00e9s\u00a0;<\/li>\n<li>Faire travailler les machines \u00e9conomiques, au profit du Centre et dans ce Centre surtout au b\u00e9n\u00e9fice des classes exer\u00e7ant le pouvoir\u00a0;<\/li>\n<li>Assurer le prestige du Centre par son dynamisme culturel (la langue, les types de cr\u00e9ativit\u00e9 etc.).<\/li>\n<\/ul>\n<p><strong>La permanence de l\u2019imp\u00e9rialisme<\/strong><\/p>\n<p>Notre association, l\u2019AFASPA (Association fran\u00e7aise d\u2019amiti\u00e9 et de solidarit\u00e9 avec les peuples d\u2019Afrique), association anticolonialiste et anti-imp\u00e9rialiste qui a \u00e9t\u00e9 cr\u00e9\u00e9e en 1973 par des militants qui ont soutenu les luttes des peuples d\u2019Afrique contre la domination coloniale et pour l\u2019ind\u00e9pendance et qui ont r\u00e9alis\u00e9 que ces ind\u00e9pendances, dans la plupart des cas, n\u2019ont pas amen\u00e9 la souverainet\u00e9.<\/p>\n<p>Avant tout, l\u2019imp\u00e9rialisme a \u00e9t\u00e9 et est pour nous un fait et un processus qui sont constamment objet de questionnements en regard aux r\u00e9alit\u00e9s et non un corpus et une entit\u00e9 fig\u00e9s.<\/p>\n<p>Le \u00ab\u00a0cadre logique\u00a0\u00bb de notre compr\u00e9hension de l\u2019imp\u00e9rialisme int\u00e8gre donc \u00e0 la fois l\u2019h\u00e9ritage conceptuel qui a arm\u00e9 les luttes fin du XIX<sup>e<\/sup>\u00a0si\u00e8cle-d\u00e9but du XX<sup>e<\/sup>\u00a0si\u00e8cle et les r\u00e9\u00e9valuations de cet h\u00e9ritage par rapport \u00e0 l\u2019\u00e9volution des r\u00e9alit\u00e9s, particuli\u00e8rement les r\u00e9alit\u00e9s v\u00e9cues par les peuples d\u2019Afrique. Ainsi, notre cadre logique analyse d\u2019abord les sp\u00e9cificit\u00e9s de l\u2019imp\u00e9rialisme dans ses articulations avec les crises du capitalisme.<\/p>\n<p>\u00c0 ce titre, il est utile de rappeler la d\u00e9finition donn\u00e9e par V.\u00a0I.\u00a0Lenine\u00a0:\u00a0 <em>\u00ab\u00a0L&rsquo;imp\u00e9rialisme est le capitalisme arriv\u00e9 \u00e0 un stade de d\u00e9veloppement o\u00f9 s&rsquo;est affirm\u00e9e la domination des monopoles et du capital financier, o\u00f9 l&rsquo;exportation des capitaux a acquis une importance de premier plan, o\u00f9 le partage du monde a commenc\u00e9 entre les trusts internationaux et o\u00f9 s&rsquo;est achev\u00e9 le partage de tout le territoire du globe entre les plus grands pays capitalistes.\u00a0\u00bb<\/em>.<\/p>\n<p>*\u00a0La domination des trusts a supplant\u00e9 la <a href=\"https:\/\/fr.wikipedia.org\/wiki\/Libre_concurrence\">libre concurrence<\/a>, caract\u00e9ristique d&rsquo;un stade ant\u00e9rieur du capitalisme, celui du XIX<sup>e<\/sup>\u00a0si\u00e8cle.<\/p>\n<p>*\u00a0L&rsquo;<a href=\"https:\/\/fr.wikipedia.org\/wiki\/Expansionnisme\">expansionnisme<\/a> et le <a href=\"https:\/\/fr.wikipedia.org\/wiki\/Colonialisme\">colonialisme<\/a> sont intrins\u00e8quement li\u00e9s \u00e0 la nouvelle phase du d\u00e9veloppement capitaliste.<\/p>\n<p>*\u00a0Le XX<sup>e<\/sup>\u00a0si\u00e8cle s\u2019ouvrait comme \u00ab\u00a0\u00e8re des guerres et des r\u00e9volutions\u00a0\u00bb.<\/p>\n<p>L\u2019imp\u00e9rialisme, caract\u00e9ris\u00e9 par Lenine comme \u00ab\u00a0stade supr\u00eame du capitalisme\u00a0\u00bb, se caract\u00e9rise par les points suivants\u00a0:<\/p>\n<p>\u00ab\u00a01\/\u00a0Concentration de la production et du capital parvenue \u00e0 un degr\u00e9 de d\u00e9veloppement si \u00e9lev\u00e9 qu\u2019elle a cr\u00e9\u00e9 les monopoles, dont le r\u00f4le est d\u00e9cisif dans la vie \u00e9conomique,<\/p>\n<p>2\/\u00a0Fusion du capital bancaire et du capital industriel, et cr\u00e9ation, sur la base de ce \u00ab\u00a0capital financier\u00a0\u00bb, d\u2019une oligarchie financi\u00e8re,<\/p>\n<p>3\/\u00a0Exportation des capitaux, \u00e0 la diff\u00e9rence de l\u2019exportation des marchandises,<\/p>\n<p>4\/\u00a0Formation d\u2019unions internationales monopolistes de capitalistes se partageant le monde,<\/p>\n<p>5\/\u00a0Fin du partage territorial du globe entre les plus grandes puissances capitalistes.\u00a0\u00bb<\/p>\n<p><strong>Du bipolarisme au \u00ab\u00a0consensus de Washington\u00a0\u00bb<\/strong><\/p>\n<p>La crise du capitalisme est <strong>permanente<\/strong>\u00a0: phase expansive et phase r\u00e9cessive se succ\u00e8dent. Jusqu\u2019ici, le capitalisme \u2013 en \u00ab\u00a0se renouvelant\u00a0\u00bb \u2013 a r\u00e9ussi \u00e0 relativement surmonter ses crises, \u00e0 rebondir\u2026 Pour nous, le processus est toujours dans la phase d\u00e9crite par Lenine. Ainsi, se d\u00e9roule la succession suivante\u00a0:<\/p>\n<p>*\u00a01896-1919\u00a0: Phase expansive\u00a0;<\/p>\n<p>*\u00a01919-1945\u00a0: Phase r\u00e9cessive marqu\u00e9 particuli\u00e8rement par le Krach boursier de 1929, aboutissement d\u2019une crise g\u00e9n\u00e9rale de surproduction capitaliste\u00a0;<\/p>\n<p>*\u00a01940\/45-1968\/73\u00a0: Phase expansive avec les \u00ab\u00a0Trente Glorieuses\u00a0\u00bb et, dans sa foul\u00e9e, les \u00ab\u00a0d\u00e9colonisations sans \u00e9mancipation et sans souverainet\u00e9\u00a0\u00bb\u00a0: les puissances imp\u00e9rialistes (USA et anciens empires) se partagent la tutelle des n\u00e9o-colonies\u00a0;<\/p>\n<p>*\u00a0Depuis 1968\/1973\u00a0: Phase r\u00e9cessive qui est toujours en cours aujourd\u2019hui (Une \u00ab\u00a0onde longue\u00a0\u00bb, ont th\u00e9oris\u00e9 de nombreux \u00e9conomistes)\u2026<\/p>\n<p>&#8211;\u00a0Ce qui est d\u00e9nomm\u00e9 \u00ab\u00a0la Crise\u00a0\u00bb\u00a0 s\u2019est ouvert par le \u00ab\u00a0Tournant n\u00e9olib\u00e9ral\u00a0\u00bb. Dans cette foul\u00e9e, le <strong>\u00ab\u00a0Consensus de Washington\u00a0\u00bb<\/strong> (1989) y a cadr\u00e9 et cadre toujours une <strong>r\u00e9organisation tendancielle du proc\u00e8s n\u00e9ocolonial<\/strong>\u00a0; celle-ci a \u00e9t\u00e9 ponctu\u00e9e par la \u00ab\u00a0Crise des mati\u00e8res premi\u00e8res\u00a0\u00bb, la \u00ab\u00a0Crise du p\u00e9trole\u00a0\u00bb, d\u2019une part, et la \u00ab\u00a0Crise de la dette des pays domin\u00e9s\u00a0\u00bb suite aux surendettements par investissements forc\u00e9s du Nord se traduisant le plus souvent par des \u00ab\u00a0\u00e9l\u00e9phants blancs\u00a0\u00bb dans les pays du Sud, d\u2019autre part.<\/p>\n<p><strong><u>Nota\u00a0Bene<\/u><\/strong>\u00a0: Selon Wikipedia, le <strong>\u00ab\u00a0consensus de Washington\u00a0\u00bb<\/strong> est un corpus de mesures d&rsquo;inspiration <a href=\"https:\/\/fr.wikipedia.org\/wiki\/Lib\u00e9ralisme\">lib\u00e9rale<\/a> appliqu\u00e9es aux \u00e9conomies en difficult\u00e9 face \u00e0 leur dette (d\u2019abord en <a href=\"https:\/\/fr.wikipedia.org\/wiki\/Am\u00e9rique_latine\">Am\u00e9rique latine<\/a> puis plus largement) par les institutions financi\u00e8res internationales si\u00e9geant \u00e0 <a href=\"https:\/\/fr.wikipedia.org\/wiki\/Washington_(district_de_Columbia)\">Washington<\/a> (<a href=\"https:\/\/fr.wikipedia.org\/wiki\/Banque_mondiale\">Banque mondiale<\/a> et <a href=\"https:\/\/fr.wikipedia.org\/wiki\/Fonds_mon\u00e9taire_international\">Fonds mon\u00e9taire international<\/a>) et soutenues par le <a href=\"https:\/\/fr.wikipedia.org\/wiki\/D\u00e9partement_du_Tr\u00e9sor_des_\u00c9tats-Unis\">d\u00e9partement du Tr\u00e9sor am\u00e9ricain<\/a>. Il reprend les id\u00e9es pr\u00e9sent\u00e9es en <a href=\"https:\/\/fr.wikipedia.org\/wiki\/1989\">1989<\/a>, sous la forme d&rsquo;un article par l\u2019\u00e9conomiste <a href=\"https:\/\/fr.wikipedia.org\/wiki\/John_Williamson\">John Williamson<\/a> soutenant <strong>10\u00a0propositions<\/strong> (voir ci-dessous) fortement inspir\u00e9es de l\u2019<a href=\"https:\/\/fr.wikipedia.org\/wiki\/Id\u00e9ologie\">id\u00e9ologie<\/a> de l\u2019<a href=\"https:\/\/fr.wikipedia.org\/wiki\/\u00c9cole_de_Chicago_(\u00e9conomie)\">\u00e9cole de Chicago<\/a>.<\/p>\n<ol>\n<li>Une stricte discipline budg\u00e9taire\u00a0;<\/li>\n<li>Cette discipline budg\u00e9taire s&rsquo;accompagne d&rsquo;une r\u00e9orientation des <a href=\"https:\/\/fr.wikipedia.org\/wiki\/Finances_publiques\">d\u00e9penses publiques<\/a> vers des secteurs offrant \u00e0 la fois un fort retour \u00e9conomique sur les investissements, et la possibilit\u00e9 de diminuer les in\u00e9galit\u00e9s de revenu (soins m\u00e9dicaux de base, \u00e9ducation primaire, d\u00e9penses d&rsquo;infrastructure)\u00a0;<\/li>\n<li>La r\u00e9forme fiscale (\u00e9largissement de l&rsquo;assiette fiscale, diminution des taux marginaux)\u00a0;<\/li>\n<li>La lib\u00e9ralisation des <a href=\"https:\/\/fr.wikipedia.org\/wiki\/Taux_d'int\u00e9r\u00eat\">taux d&rsquo;int\u00e9r\u00eat<\/a>;<\/li>\n<li>Un <a href=\"https:\/\/fr.wikipedia.org\/wiki\/Taux_de_change\">taux de change<\/a> unique et comp\u00e9titif\u00a0;<\/li>\n<li>La lib\u00e9ralisation du <a href=\"https:\/\/fr.wikipedia.org\/wiki\/Commerce_ext\u00e9rieur\">commerce ext\u00e9rieur<\/a>;<\/li>\n<li>\u00c9limination des barri\u00e8res aux <a href=\"https:\/\/fr.wikipedia.org\/wiki\/Investissement_direct_\u00e0_l'\u00e9tranger\">investissements directs de l&rsquo;\u00e9tranger<\/a>;<\/li>\n<li><a href=\"https:\/\/fr.wikipedia.org\/wiki\/Privatisation\">Privatisation<\/a> des monopoles ou participations ou entreprises de l&rsquo;\u00c9tat, qu\u2019il soit \u2014 id\u00e9ologiquement \u2014 consid\u00e9r\u00e9 comme un mauvais actionnaire ou \u2014 \u00ab\u00a0pragmatiquement\u00a0\u00bb \u2014 dans une optique de d\u00e9sendettement\u00a0;<\/li>\n<li>La <a href=\"https:\/\/fr.wikipedia.org\/wiki\/D\u00e9r\u00e9glementation\">d\u00e9r\u00e9glementation<\/a> des march\u00e9s (par l&rsquo;abolition des barri\u00e8res \u00e0 l&rsquo;entr\u00e9e ou \u00e0 la sortie)\u00a0;<\/li>\n<li>La protection de la <a href=\"https:\/\/fr.wikipedia.org\/wiki\/Propri\u00e9t\u00e9_priv\u00e9e\">propri\u00e9t\u00e9 priv\u00e9e<\/a>, dont la <a href=\"https:\/\/fr.wikipedia.org\/wiki\/Propri\u00e9t\u00e9_intellectuelle\">propri\u00e9t\u00e9 intellectuelle<\/a>.<\/li>\n<\/ol>\n<p>*\u00a0\u00ab\u00a0La Crise\u00a0\u00bb en 2007-2008 a pris la forme d\u2019une <strong>crise alimentaire et financi\u00e8re<\/strong> avec la \u00ab\u00a0crise des subprimes\u00a0\u00bb (pr\u00eats hypoth\u00e9caires \u00e0 risque)\u00a0: dans cette nouvelle phase, les terres arables sont devenues une \u00ab\u00a0valeur-refuge\u00a0\u00bb pour le capital financier en qu\u00eate de placements juteux\u2026 En fait, d\u00e9sormais, la \u00ab\u00a0r\u00e9organisation tendancielle du proc\u00e8s n\u00e9ocolonial\u00a0\u00bb met en place un v\u00e9ritable <strong>\u00ab\u00a0Chaos organis\u00e9\u00a0\u00bb<\/strong> (via des interventions militaires ou via des accaparements de terres) au profit de la pouss\u00e9e des multinationales dans le cadre de la mondialisation capitaliste\u2026 La nouvelle forme actuelle de \u00ab\u00a0La Crise\u00a0\u00bb d\u00e9cline des \u00ab\u00a0politiques h\u00e9g\u00e9moniques multipolaires\u00a0\u00bb o\u00f9 comp\u00e9titionnent puissances anciennes (USA, Europe) et \u00ab\u00a0puissances \u00e9mergentes\u00a0\u00bb (Chine, Inde, Russie, Br\u00e9sil, Afrique du Sud, Turquie etc.).<\/p>\n<p><strong><u>Nota\u00a0Bene<\/u><\/strong>\u00a0: Avec la Chute du Mur de Berlin en novembre 1989 et l\u2019implosion du \u00ab\u00a0camp socialiste\u00a0\u00bb, les Etats europ\u00e9ens se sont rang\u00e9s sagement derri\u00e8re les USA. D\u00e8s lors, il y a eu extension de l\u2019OTAN, avec renforcement de son budget) et agressivit\u00e9 en tout genre (bombardement pour la premi\u00e8re fois depuis 1945 d\u2019une capitale en Europe\u00a0\u2013\u00a0Belgrade\u00a0\u2013, intervention en Lybie etc.).<\/p>\n<p>Plus de 25 ans apr\u00e8s, la donne a chang\u00e9. Certes les USA restent actuellement, de loin, la premi\u00e8re puissance militaire au monde (environ 50% des d\u00e9penses mondiales). Cependant d\u2019autres puissances n\u2019acceptent plus le fait accompli. Elles affirment clairement leur souhait de cr\u00e9er un monde multipolaire\u00a0: c\u2019est publiquement le d\u00e9sir de la Russie et de la Chine, et ces deux pays font tout, chacun \u00e0 sa mani\u00e8re, pour y parvenir\u00a0: leur ambition h\u00e9g\u00e9moniste reste encore modeste (le budget militaire de la Chine est le douzi\u00e8me (1\/12) de celui des USA), mais les r\u00e9sultats sont l\u00e0. L\u2019Allemagne, discr\u00e8tement, reconstitue son espace au c\u0153ur de l\u2019Europe\u00a0: elle dispose du premier budget militaire quantitatif de l\u2019UE devant celui de la France.<\/p>\n<p>Concernant l\u2019Afrique, rappelons que, \u00e0 la fin du XIX<sup>e<\/sup> si\u00e8cle, un \u00ab\u00a0mode d\u2019emploi\u00a0\u00bb a \u00e9t\u00e9 institu\u00e9 entre les sept puissances europ\u00e9ennes \u00e0 la Conf\u00e9rence de Berlin (1884-1885) o\u00f9 des fronti\u00e8res sont trac\u00e9es \u00e0 travers le continent. Aujourd\u2019hui, chaque puissance imp\u00e9rialiste a sa m\u00e9thode. Les USA ont officiellement montr\u00e9 leur int\u00e9r\u00eat premier pour la zone Pacifique-Oc\u00e9an Indien o\u00f9 ils disposent de dix (10) porte-avions quand la Chine n\u2019en a qu\u2019un. Ainsi, relativement, l\u2019int\u00e9r\u00eat de l\u2019Europe pour l\u2019Afrique est secondaire, marginalis\u00e9. Les anciennes colonies sont laiss\u00e9es \u00e0 la garde de leurs deux anciens colonisateurs que sont la France et la Grande Bretagne, chacune dans son ex-sph\u00e8re coloniale. Elles doivent y assurer un calme suffisant pour permettre les affaires avec la libre circulation des capitaux et des marchandises (gr\u00e2ce \u00e0 des abolitions des droits de douane qui \u00e9taient la principale source de devises des Etats africains). Il s\u2019agit aussi de s\u2019assurer de l\u2019all\u00e9geance de dirigeants form\u00e9s aux USA et ayant travaill\u00e9 dans les institutions FMI et Banque Mondiale. Corrompus jusqu\u2019\u00e0 la moelle, ils sont une garantie pour que la souverainet\u00e9 soit r\u00e9duite \u00e0 sa plus simple expression. Le d\u00e9veloppement des troupes fran\u00e7aises au Mali et dans le Sahel ne s\u2019explique que par cette feuille de route \u00e9tatsunienne.<\/p>\n<p>La Chine elle, r\u00e9pond aux demandes des Chefs Etats. Elle peut avoir int\u00e9r\u00eat au d\u00e9veloppement d\u2019un v\u00e9ritable tissu \u00e9conomique local. Possibilit\u00e9 de man\u0153uvre, ne veut pas dire oc\u00e9an d\u2019illusions.<\/p>\n<p>Pour tous les pr\u00e9dateurs, l\u2019Afrique reste d\u2019abord un r\u00e9servoir fabuleux de mati\u00e8res premi\u00e8res. Autour de cette dynamique se cr\u00e9e une \u00e9conomie de services. Des emplois, parfois qualifi\u00e9s, sont cr\u00e9\u00e9s\u00a0: une petite part de la richesse reste donc au pays. N\u2019oublions pas la pr\u00e9dation des terres cultivables (les meilleures), pour la production de vivre \u00e0 destination de la Chine et de l\u2019Inde. Et la pr\u00e9dation des \u00ab\u00a0terres rares\u00a0\u00bb indispensables \u00e0 l\u2019\u00e9lectronique, et par incidence au \u00ab\u00a0capitalisme vert\u00a0\u00bb.<\/p>\n<p><strong>Derri\u00e8re les IFD, les multinationales<\/strong><\/p>\n<p>Nous attirons votre attention sur les <strong>IFD <\/strong>(ou Institutions financi\u00e8res du d\u00e9veloppement), c\u2019est-\u00e0-dire les institutions d\u2019aide pour le d\u00e9veloppement qui sont clairement des <strong>outils financiers<\/strong> au service de l&rsquo;imp\u00e9rialisme. S\u2019agissant de la France, il s\u2019agit du syst\u00e8me AFD\/PROPARCO.<\/p>\n<p>&#8211;\u00a0<a href=\"http:\/\/www.proparco.fr\/webdav\/site\/proparco\/shared\/ELEMENTS_COMMUNS\/PDF\/Telechargement\/dispositif-institutionnel-francais-en-matiere-daide.jpg\">L\u2019AFD (Agence fran\u00e7aise pour le d\u00e9veloppement) est l\u2019op\u00e9rateur pivot de l\u2019aide publique fran\u00e7aise au d\u00e9veloppement<\/a>\u00a0: elle a la mission, confi\u00e9e par les autorit\u00e9s fran\u00e7aises, de \u00ab\u00a0contribuer au d\u00e9veloppement \u00e9conomique et social dans les pays du Sud\u00a0\u00bb. \u00ab\u00a0Elle soutient \u00e9galement les investissements des collectivit\u00e9s locales, ainsi que la croissance et la comp\u00e9titivit\u00e9 du secteur priv\u00e9 dans les <a href=\"http:\/\/www.afd.fr\/home\/outre-mer\">Outre-mer<\/a>\u00a0\u00bb.<\/p>\n<p>&#8211;\u00a0PROPARCO (Soci\u00e9t\u00e9 de promotion et de participation pour la coop\u00e9ration \u00e9conomique) est la filiale de l\u2019AFD d\u00e9di\u00e9e au secteur priv\u00e9\u00a0: elle intervient depuis pr\u00e8s de 40\u00a0ans en faveur du \u00ab\u00a0d\u00e9veloppement durable\u00a0\u00bb\u00a0; elle est pr\u00e9sente dans <a href=\"http:\/\/logi4.xiti.com\/go.click?xts=292227&amp;s2=1&amp;clic=T&amp;type=click&amp;p=Proparco-Implantations-2014.pdf&amp;url=http:\/\/www.proparco.fr\/webdav\/site\/proparco\/shared\/ELEMENTS_COMMUNS\/PROPARCO\/Nos_activites\/Proparco-Implantations-2014.pdf\">80 pays d\u2019Afrique, d\u2019Asie, d\u2019Am\u00e9rique latine ou encore du Moyen-Orient<\/a> et participe au financement et \u00e0 l\u2019accompagnement d\u2019entreprises et d\u2019institutions financi\u00e8res. Son action se concentre sur les \u00ab\u00a0secteurs cl\u00e9s du d\u00e9veloppement\u00a0\u00bb, \u00e0 savoir les infrastructures avec un focus sur les \u00e9nergies renouvelables, l\u2019agro-industrie, les syst\u00e8mes financiers, la sant\u00e9, l\u2019\u00e9ducation\u2026<\/p>\n<p>Ce syst\u00e8me AFD\u00a0\/\u00a0PROPARCO s&rsquo;int\u00e8gre \u00e0 un r\u00e9seau europ\u00e9en (en g\u00e9n\u00e9ral, soumis \u00e0 la l\u00e9gislation du Duch\u00e9 du Luxembourg)&#8230;<\/p>\n<p>Signalons deux cas sur lesquels l\u2019AFASPA s\u2019est impliqu\u00e9e en alliance avec un r\u00e9seau d\u2019activistes internationaux, dont des r\u00e9seaux africains\u00a0:<\/p>\n<p>&#8211;\u00a0Le cas<strong> SOCAPALM\u00a0\/\u00a0SOFINCO\u00a0\/\u00a0BOLLOR\u00c9 <\/strong>au Cameroun<\/p>\n<p>&#8211;\u00a0Le cas<strong> Feronia, ex-Unilever<\/strong>, en RD\u00a0Congo, permet de voir que les Am\u00e9ricains et Canadiens sont aussi dans cette alliance des fonds de d\u00e9veloppement (qui, en m\u00eame temps, sont en comp\u00e9tition)\u2026<\/p>\n<p><strong>Conclusion provisoire<\/strong><\/p>\n<p>Comme l\u2019a d\u00e9j\u00e0 clarifi\u00e9 la Table ronde sur le th\u00e8me \u00ab\u00a0L\u2019imp\u00e9rialisme, notion d\u00e9pass\u00e9e ou r\u00e9alit\u00e9 actuelle\u00a0?\u00a0\u00bb que l\u2019AFASPA a organis\u00e9e au Salon anticolonial le 6 mars 2016, l\u2019imp\u00e9rialisme reste une permanence, plus que jamais agressive. Pour mieux armer les luttes d\u2019\u00e9mancipation, il convient de saisir, en toute coh\u00e9rence, avec lucidit\u00e9 et sans <em>a\u00a0priori<\/em>, ses formes et outils renouvel\u00e9s et les enjeux complexes qu\u2019il impose aujourd\u2019hui aux peuples domin\u00e9s.<\/p>\n<h3 id=\"MD\">Mich\u00e8le DECASTER, <strong>Les imp\u00e9rialismes dans l\u2019Afrique d\u2019aujourd\u2019hui<\/strong><\/h3>\n<p><em>Le diaporama de l&rsquo;intervention de Mich\u00e8le Decaster <a href=\"http:\/\/www.cuem.info\/wp-content\/uploads\/2018\/03\/Les-imp\u00e9rialismes-Afrique-aujourdhui.pdf\" target=\"_blank\">se trouve ici<\/a>.<\/em><\/p>\n","protected":false},"excerpt":{"rendered":"<p>Sommaire : Jean-Claude RABEHERIFARA*, Imp\u00e9rialisme dans l\u2019Afrique d\u2019aujourd\u2019hui et crises du capitalisme Mich\u00e8le DECASTER, Les imp\u00e9rialismes dans l\u2019Afrique d\u2019aujourd\u2019hui * Directeur adjoint de l\u2019AFASPA (Association Fran\u00e7aise d\u2019Amiti\u00e9 et de Solidarit\u00e9 avec les Peuples d\u2019Afrique). Jean-Claude RABEHERIFARA&nbsp;: Imp\u00e9rialisme dans l\u2019Afrique d\u2019aujourd\u2019hui et crises du capitalisme Le mot \u00ab\u00a0imp\u00e9rialisme\u00a0\u00bb est issu du mot \u00ab\u00a0empire\u00a0\u00bb pour le XIXe &hellip; <a href=\"https:\/\/www.cuem.info\/?page_id=560\" class=\"more-link\">Continuer la lecture de <span class=\"screen-reader-text\">19\/1\/2017 &#8211; Association AFASPA&nbsp;:<br \/><b>Imp\u00e9rialisme dans l&rsquo;Afrique d&rsquo;aujourd&rsquo;hui<\/b><\/span>  <span class=\"meta-nav\">&rarr;<\/span><\/a><\/p>\n","protected":false},"author":1,"featured_media":0,"parent":526,"menu_order":30,"comment_status":"closed","ping_status":"closed","template":"","meta":[],"_links":{"self":[{"href":"https:\/\/www.cuem.info\/index.php?rest_route=\/wp\/v2\/pages\/560"}],"collection":[{"href":"https:\/\/www.cuem.info\/index.php?rest_route=\/wp\/v2\/pages"}],"about":[{"href":"https:\/\/www.cuem.info\/index.php?rest_route=\/wp\/v2\/types\/page"}],"author":[{"embeddable":true,"href":"https:\/\/www.cuem.info\/index.php?rest_route=\/wp\/v2\/users\/1"}],"replies":[{"embeddable":true,"href":"https:\/\/www.cuem.info\/index.php?rest_route=%2Fwp%2Fv2%2Fcomments&post=560"}],"version-history":[{"count":11,"href":"https:\/\/www.cuem.info\/index.php?rest_route=\/wp\/v2\/pages\/560\/revisions"}],"predecessor-version":[{"id":894,"href":"https:\/\/www.cuem.info\/index.php?rest_route=\/wp\/v2\/pages\/560\/revisions\/894"}],"up":[{"embeddable":true,"href":"https:\/\/www.cuem.info\/index.php?rest_route=\/wp\/v2\/pages\/526"}],"wp:attachment":[{"href":"https:\/\/www.cuem.info\/index.php?rest_route=%2Fwp%2Fv2%2Fmedia&parent=560"}],"curies":[{"name":"wp","href":"https:\/\/api.w.org\/{rel}","templated":true}]}}