{"id":279,"date":"2014-10-27T10:20:40","date_gmt":"2014-10-27T09:20:40","guid":{"rendered":"http:\/\/www.cuem.info\/?page_id=279"},"modified":"2018-06-27T20:19:57","modified_gmt":"2018-06-27T19:19:57","slug":"andrew-murray-limperialisme-a-evolue-mais-il-regne-toujours-sur-le-monde-art-trad-fr","status":"publish","type":"page","link":"https:\/\/www.cuem.info\/?page_id=279","title":{"rendered":"3\/8\/2014 &#8211; Andrew MURRAY&nbsp;:<br><b>L&rsquo;imp\u00e9rialisme a \u00e9volu\u00e9 mais il r\u00e8gne toujours sur le monde<\/b> (article)"},"content":{"rendered":"<p>(<a href=\"https:\/\/mltoday.com\/imperialism-has-evolved-but-still-rules-the-world\/\" target=\"_blank\">Article paru en anglais<\/a> sur le site pr\u00e9f\u00e9r\u00e9 de Roger Keeran \u00ab\u00a0<strong>MLToday<\/strong>\u00ab\u00a0, 3 ao\u00fbt 2014 )<\/p>\n<p><strong>\u00ab\u00a0<em>Imperalism has evolved, but still rules the world<\/em>\u00ab\u00a0<\/strong><\/p>\n<p><em>(L&rsquo;imp\u00e9rialisme a \u00e9volu\u00e9 mais il r\u00e8gne toujours sur le monde)<\/em><\/p>\n<p><strong>par <\/strong><strong><em>Andrew Murray<\/em><\/strong><\/p>\n<p>Comme l&rsquo;observait l&rsquo;\u00e9minent historien marxiste Victor Kiernan, l&rsquo;imp\u00e9rialisme se manifeste par la coercition qu&rsquo;il exerce, \u00e0 l&rsquo;\u00e9tranger, pour extorquer d&rsquo;une mani\u00e8re ou d&rsquo;une autre des profits sup\u00e9\u00adrieurs \u00e0 ceux qu&rsquo;il obtiendrait par l&rsquo;\u00e9change commercial ordinaire.<\/p>\n<p>Les guerres de 1914 et 1939 sont les exemples remarquables de ce qui arrive lorsque le syst\u00e8me international d&rsquo;extorsion s&rsquo;\u00e9croule, quand ses m\u00e9thodes normales de trait\u00e9s, cartels, accords secrets, petits conflits coloniaux, coups d&rsquo;Etat, corruptions et tractations monopolistes ne suffisent plus.<\/p>\n<p>Comme pour le capitalisme en g\u00e9n\u00e9ral, les blocages et les crises font tout autant partie du fonc\u00adtionnement r\u00e9gulier de l&rsquo;imp\u00e9rialisme que les p\u00e9riodes calmes. Croissance et d\u00e9pression sont inh\u00e9rentes au capitalisme. La guerre est inh\u00e9rente \u00e0 l&rsquo;imp\u00e9rialisme capitaliste.<\/p>\n<p>En 1914, ceci n&rsquo;\u00e9tait pas largement compris dans le mouvement ouvrier. Beaucoup des textes fon\u00addamentaux de tradition marxiste sur l&rsquo;imp\u00e9rialisme &#8211; avant tout les livres de L\u00e9nine et Boukharine &#8211; n&rsquo;\u00e9taient pas \u00e9crits en 1914.<\/p>\n<p>En particulier, l&rsquo;id\u00e9e \u00e9tait r\u00e9pandue que le colonialisme et les monopoles industriels \u00e9taient des caract\u00e9ristiques optionnelles que le capitalisme pouvait adopter ou rejeter \u00e0 volont\u00e9 (ou sous une certaine pression). Il en \u00e9tait de m\u00eame de l&rsquo;opinion que l&rsquo;imp\u00e9rialisme pouvait avoir en fin de compte des cons\u00e9quences b\u00e9n\u00e9fiques s&rsquo;il \u00e9tait proprement et humainement administr\u00e9.<\/p>\n<p>D&rsquo;autres conceptions, plus avanc\u00e9es, existaient \u00e9videmment au sein du mouvement ouvrier &#8211; Rosa Luxemburg avait \u00e9crit son chef d&rsquo;\u0153uvre \u00ab\u00a0<em>l&rsquo;Accumulation du capital<\/em>\u00a0\u00bb (un chef d&rsquo;\u0153uvre parsem\u00e9 de d\u00e9fauts) et \u00ab\u00a0<em>le Capital financier<\/em>\u00a0\u00bb de Rudolf Hilferding avait jet\u00e9 les bases d&rsquo;une conception mar\u00adxiste de l&rsquo;imp\u00e9rialisme.<\/p>\n<p>Karl Radek observait de fa\u00e7on clairvoyante, en 1912\u00a0: \u00ab\u00a0<em>l&rsquo;imp\u00e9rialisme moderne ne poursuit aucu\u00adne chim\u00e8re, ni aucun ordre mondial essentiellement platonique, mais une politique du capita\u00adlisme mature, \u00e0 la recherche de zones d&rsquo;investissement pour un capital effray\u00e9 de voir sombrer son taux de profit<\/em>.\u00a0\u00bb H\u00e9las, cette intuition n&rsquo;influencera pas le cours du mouvement international des travailleurs de l&rsquo;\u00e9poque.<\/p>\n<p>Aujourd&rsquo;hui, nous sommes, ou devrions \u00eatre, mieux avis\u00e9s et c&rsquo;est un fait que l&rsquo;anti-imp\u00e9rialisme est au c\u0153ur de toute politique progressiste cons\u00e9quente. De cela, nous devrions remercier en grande partie George Bush et Tony Blair. Mais le fait sous-jacent et d\u00e9plaisant est que l&rsquo;imp\u00e9ria\u00adlisme existe toujours, un si\u00e8cle apr\u00e8s 1914, et constitue v\u00e9ritablement le syst\u00e8me dominant dans le monde actuel.<\/p>\n<p>In\u00e9vitablement, la question se pose de savoir si le monde est \u00e0 la veille d&rsquo;une nouvelle guerre mondiale comme en 1914. Et, de fait, le <em>Financial Times<\/em>, comme d&rsquo;autres journaux bourgeois, s&rsquo;est laiss\u00e9 aller \u00e0 ce genre de sp\u00e9culation.<\/p>\n<p>Les diff\u00e9rences sont profondes et importantes. En 1914, aucune puissance n&rsquo;exer\u00e7ait un pouvoir relatif ou absolu similaire \u00e0 celui des Etats-Unis actuellement. L&rsquo;Angleterre, la plus grande puis\u00adsance de l&rsquo;\u00e9poque avait peu d&#8217;emprise sur l&rsquo;Europe continentale comme cela n&rsquo;\u00e9tait que trop visible et elle \u00e9tait d\u00e9fi\u00e9e presque partout par des puissances rivales. Son arm\u00e9e \u00e9tait celle d&rsquo;une puissance secondaire.<\/p>\n<p>Aujourd&rsquo;hui, les Etats-Unis sont dans une position infiniment plus dominante en d\u00e9pit de nom\u00adbreux signes du repli de leurs positions imp\u00e9riales et des difficult\u00e9s qu&rsquo;ils rencontrent pour impo\u00adser leur volont\u00e9, en particulier au Moyen Orient.<\/p>\n<p>Ils entourent la plan\u00e8te d&rsquo;une guirlande de bases et il h\u00e9bergent des forces arm\u00e9es aussi puissantes que la somme de celles des dix Etats qui les suivent.<\/p>\n<p>Ils contr\u00f4lent en fin de compte les principaux instruments de m\u00e9diation et de coordination inter\u00adimp\u00e9rialiste, comme l&rsquo;OTAN et le Fond Mon\u00e9taire international. Ils donnent \u00e0 leurs arr\u00eats judi\u00adciaires une port\u00e9e internationale extravagante. En bref, ils pr\u00e9sentent quelques traits caract\u00e9ris\u00adtiques du \u00ab\u00a0super-imp\u00e9rialisme\u00a0\u00bb, m\u00eame s&rsquo;ils sont \u00e0 l&rsquo;automne de leur puissance et en d\u00e9clin relatif comme puissance \u00e9conomique pr\u00e9dominante.<\/p>\n<p>En second lieu, ces \u00e9l\u00e9ments de super-imp\u00e9rialisme, justement ridiculis\u00e9s par L\u00e9nine au milieu de la Grande guerre comme des extrapolations justifiant toutes les l\u00e2chet\u00e9s opportunistes, sont beau\u00adcoup plus forts dans le monde actuel.<\/p>\n<p>Sous-tendu par une vague d&rsquo;internationalsation du capital encore plus profonde que celle qui a pr\u00e9c\u00e9d\u00e9 1914, et \u00e0 cause du r\u00e9seau d&rsquo;institutions comme le Fond Mon\u00e9taire International (FMI), l&rsquo;Organisation Mondiale du Commerce (OMC), l&rsquo;Union Europ\u00e9enne (UE), etc. l&rsquo;interp\u00e9n\u00e9tration des int\u00e9r\u00eats des grandes puiss\u00a0\u00a0 ances traditionnelles est beaucoup plus d\u00e9velopp\u00e9 qu&rsquo;au temps de L\u00e9nine. En cons\u00e9quence, la situation des Etats nationaux par rapport au syst\u00e8me imp\u00e9rialiste mondial, consid\u00e9r\u00e9 globalement, est diff\u00e9rente et les possibilit\u00e9s de conflits entre les principales puissances tent\u00e9es de recourir aux armes sont par cons\u00e9quent limit\u00e9es.<\/p>\n<p>Ce n&rsquo;est pas pour autant le r\u00e8gne d&rsquo;une doucereuse harmonie au sein du bloc dirig\u00e9 par les Etats-Unis. L&rsquo;attitude brutale \u00ab\u00a0<em>fuck the UN !<\/em>\u00a0\u00bb de la diplomate n\u00e9o-conservatrice am\u00e9ricaine Victoria Nuland au pic de la crise ukrainienne est un exemple des tensions et le toll\u00e9 des espionnages r\u00e9p\u00e9t\u00e9s entre Berlin et Washington en est un autre. Mais ces p\u00e9rip\u00e9ties dans \u00ab\u00a0l&rsquo;ordre du monde\u00a0\u00bb ne vont pas d\u00e9clencher la guerre.<\/p>\n<p>La contradiction la plus aigu\u00eb se situe entre l&rsquo;ordre mondial dirig\u00e9 et maintenu par la puissance \u00e9tatsunienne et ces deux grandes puissances qui se trouvent en dehors de lui et \u00e0 distance signifi\u00adcative : la Russie et la Chine.<\/p>\n<p>Il ne faut pas \u00eatre grand clerc pour voir que la prochaine guerre imp\u00e9rialiste partira certainement d&rsquo;un conflit entre l&rsquo;une ou l&rsquo;autre de ces deux puissances et une alliance men\u00e9e par les Etats-Unis.<\/p>\n<p>Naturellement, tout n&rsquo;est pas mati\u00e8re \u00e0 affrontement. La Russie et les USA sont d&rsquo;accord pour soutenir le gouvernement du sectaire Maliki \u00e0 Bagdad, comme la dictature militaire du Caire. La Chine finance les d\u00e9ficits budg\u00e9taires \u00e9tatsuniens en achetant des dollars. N\u00e9anmoins, la tendance dans l&rsquo;\u00e9volution de ces relations, c&rsquo;est la confrontation.<\/p>\n<p>La Russie demeure globalement \u00ab\u00a0\u00e9trang\u00e8re\u00a0\u00bb \u00e0 l&rsquo;ordre mondial en d\u00e9pit d&rsquo;efforts consid\u00e9rables pour entrer sous la \u00ab\u00a0tente\u00a0\u00bb des grandes puissances &#8211; ce qu&rsquo;a symbolis\u00e9 la br\u00e8ve conversion du G7 en G8 avec Moscou. En fait, la Russie d\u00e9fie la puissance des Etat-Unis, de l&rsquo;UE et de l&rsquo;OTAN, et ce d\u00e9fi semble correspondre aux int\u00e9r\u00eats de sa propre \u00e9lite dirigeante.<\/p>\n<p>Elle a donc soutenu Bachar al Assad en Syrie, son principal alli\u00e9 arabe et principal acheteur d&rsquo;armes russes. Comme elle a man\u0153uvr\u00e9 pour \u00e9viter que la base de sa Flotte de la Mer Noire ne tombe entre les mains des hommes de Washington au pouvoir \u00e0 Kiev, en annexant la Crim\u00e9e au d\u00e9but de cette ann\u00e9e. Une initiative sans aucun doute soutenue par une grande majorit\u00e9 des habi\u00adtants de la p\u00e9ninsule.<\/p>\n<p>Certains, \u00e0 gauche, estiment que la Russie, bien qu&rsquo;indubitablement capitaliste, n&rsquo;est pas elle-m\u00eame imp\u00e9rialiste. Les faits suivants ne plaident pas dans ce sens. La structure du capitalisme russe restaur\u00e9 est caract\u00e9ris\u00e9e par un haut degr\u00e9 de monopolisme oligarchique et s&rsquo;oriente vers la consolidation ou le renouveau des liens avec les anciennes r\u00e9publiques sovi\u00e9tiques pour former un nouveau bloc \u00e9conomique. De m\u00eame, le comportement de Poutine par rapport \u00e0 la guerre civi\u00adle de l&rsquo;Ukraine orientale a sembl\u00e9 h\u00e9sitant face \u00e0 la pression de l&rsquo;OTAN, mais il a probablement eu pour but, selon le \u00ab\u00a0<em>Financial Times<\/em>\u00ab\u00a0, de \u00ab\u00a0<em>maintenir les liens \u00e9conomiques avec les entreprises ukrainiennes importantes<\/em>\u00ab\u00a0.<\/p>\n<p>Le r\u00f4le de la Russie comme challenger d\u00e9fiant l&rsquo;h\u00e9g\u00e9monie globale des Etats-Unis et la l\u00e9gitimit\u00e9 des nombreuses revendications nationales n\u00e9es de l&rsquo;\u00e9clatement de l&rsquo;Union sovi\u00e9tique qui re\u00e7oi\u00advent occasionnellement le soutien du gouvernement Poutine ne doivent pas aveugler la gauche. Celle-ci ne doit pas oublier la nature de classe fondamentale du r\u00e9gime (ni sa corruption, ni ses pratiques oligarchiques et r\u00e9pressives) et ne doit pas \u00e9carter les fondamentaux de l&rsquo;\u00e9conomie poli\u00adtique marxiste pour des raisons opportunistes.<\/p>\n<p>A moyen terme, le plus grand danger de guerre semble se trouver dans le Pacifique o\u00f9 le dyna\u00admisme de la Chine qui cherche \u00e0 \u00e9tendre son pouvoir et son influence se heurte maintenant aux retranchements des Etats-Unis appuy\u00e9s sur un r\u00e9seau d&rsquo;alliances et de bases, et renforc\u00e9s par le \u00ab\u00a0pivot\u00a0\u00bb des r\u00e9serves militaires dans la r\u00e9gion, vant\u00e9 haut et fort par Barack Obama.<\/p>\n<p>Ce conflit se d\u00e9roule, bien s\u00fbr, dans la r\u00e9gion la plus dens\u00e9ment peupl\u00e9e du monde et dont les \u00e9conomies ont la croissance la plus rapide. C&rsquo;est aussi la r\u00e9gion o\u00f9 la classe ouvri\u00e8re cro\u00eet en nombre \u00e0 une vitesse exponentielle et qui sera par cons\u00e9quent le champ de bataille d\u00e9cisif de la lutte pour le socialisme au 21<sup>e<\/sup> si\u00e8cle, comme c&rsquo;\u00e9tait le cas de l&rsquo;Europe 100 ans auparavant.<\/p>\n<p>Le \u00ab\u00a0pivot\u00a0\u00bb militaire \u00e9tatsunien dans le Pacifique est objectivement con\u00e7u pour conserver la posi\u00adtion h\u00e9g\u00e9monique acquise dans la r\u00e9gion au cours de la Deuxi\u00e8me Guerre mondiale. A c\u00f4t\u00e9 d&rsquo;une projection des forces propres de Washington, ses principaux alli\u00e9s, le Japon et la Cor\u00e9e du Sud, ont pris des positions de plus en plus agressives et nationalistes dirig\u00e9es contre la Chine.<\/p>\n<p>Au m\u00eame moment, la confrontation la plus dure de l&rsquo;ann\u00e9e a eu lieu entre la Chine et le Vietnam, deux pays nominalement socialistes. Le Vietnam est aussi le seul Etat frontalier de la Chine et en dispute avec elle qui n&rsquo;est pas li\u00e9 aux Etats-Unis par des accords militaires.<\/p>\n<p>Un article r\u00e9cent de <em>Time magazine<\/em> sp\u00e9culait sur l&rsquo;imminence d&rsquo;une guerre entre la Chine et les Etats-Unis, en se basant en partie sur les performances des nouveaux missiles chinois, \u00e0 m\u00eame de d\u00e9truire les porte-avions am\u00e9ricains, pour longtemps encore la fiert\u00e9 et l&rsquo;orgueil du Pentagone.<\/p>\n<p>Deux points ressortent clairement de cette photographie du monde actuel. En premier lieu, l&rsquo;esca\u00addade des conflits est enracin\u00e9e dans la nature capitaliste des grandes puissances, avec le nationa\u00adlisme, le chauvinisme et la mentalit\u00e9 imp\u00e9riale, ses in\u00e9vitables servantes, et ceci conduira une fois encore \u00e0 la guerre \u00e0 moins que celle-ci ne soit emp\u00each\u00e9e par l&rsquo;action de masse des peuples.<\/p>\n<p>En second lieu, le motif principal de guerre tient \u00e0 la politique des Etats-Unis et de l&rsquo;ordre imp\u00e9\u00adrialiste mondial qu&rsquo;ils ont cr\u00e9\u00e9 pour faire promouvoir les int\u00e9r\u00eats des milieux d&rsquo;affaire dominants et ceux de leurs alli\u00e9s capitalistes, les britanniques en premier.<\/p>\n<p>C&rsquo;est contre cet ordre mondial pr\u00e9dateur que les progressistes doivent s&rsquo;unir et se mobiliser, en s&rsquo;accommodant des courants crois\u00e9s contradictoires et en traitant les questions sp\u00e9cifiques com\u00adplexes, si diverses dans le pr\u00e9sent contexte. La d\u00e9faite de cet ordre mondial est le seul moyen de reprendre la marche du monde vers le socialisme.<\/p>\n<p>&nbsp;<\/p>\n<p>Article paru conjointement dans le <em>Morning Star<\/em> (Londres), <em>Junge Welt<\/em> (Berlin), <em>Arbejderen<\/em> (Copenhagen) et <em>L\u00ebtzebuerger Vollek<\/em> (Luxembourg).<\/p>\n","protected":false},"excerpt":{"rendered":"<p>(Article paru en anglais sur le site pr\u00e9f\u00e9r\u00e9 de Roger Keeran \u00ab\u00a0MLToday\u00ab\u00a0, 3 ao\u00fbt 2014 ) \u00ab\u00a0Imperalism has evolved, but still rules the world\u00ab\u00a0 (L&rsquo;imp\u00e9rialisme a \u00e9volu\u00e9 mais il r\u00e8gne toujours sur le monde) par Andrew Murray Comme l&rsquo;observait l&rsquo;\u00e9minent historien marxiste Victor Kiernan, l&rsquo;imp\u00e9rialisme se manifeste par la coercition qu&rsquo;il exerce, \u00e0 l&rsquo;\u00e9tranger, pour &hellip; <a href=\"https:\/\/www.cuem.info\/?page_id=279\" class=\"more-link\">Continuer la lecture de <span class=\"screen-reader-text\">3\/8\/2014 &#8211; Andrew MURRAY&nbsp;:<br \/><b>L&rsquo;imp\u00e9rialisme a \u00e9volu\u00e9 mais il r\u00e8gne toujours sur le monde<\/b> (article)<\/span>  <span class=\"meta-nav\">&rarr;<\/span><\/a><\/p>\n","protected":false},"author":2,"featured_media":0,"parent":30,"menu_order":40,"comment_status":"closed","ping_status":"closed","template":"","meta":[],"_links":{"self":[{"href":"https:\/\/www.cuem.info\/index.php?rest_route=\/wp\/v2\/pages\/279"}],"collection":[{"href":"https:\/\/www.cuem.info\/index.php?rest_route=\/wp\/v2\/pages"}],"about":[{"href":"https:\/\/www.cuem.info\/index.php?rest_route=\/wp\/v2\/types\/page"}],"author":[{"embeddable":true,"href":"https:\/\/www.cuem.info\/index.php?rest_route=\/wp\/v2\/users\/2"}],"replies":[{"embeddable":true,"href":"https:\/\/www.cuem.info\/index.php?rest_route=%2Fwp%2Fv2%2Fcomments&post=279"}],"version-history":[{"count":3,"href":"https:\/\/www.cuem.info\/index.php?rest_route=\/wp\/v2\/pages\/279\/revisions"}],"predecessor-version":[{"id":917,"href":"https:\/\/www.cuem.info\/index.php?rest_route=\/wp\/v2\/pages\/279\/revisions\/917"}],"up":[{"embeddable":true,"href":"https:\/\/www.cuem.info\/index.php?rest_route=\/wp\/v2\/pages\/30"}],"wp:attachment":[{"href":"https:\/\/www.cuem.info\/index.php?rest_route=%2Fwp%2Fv2%2Fmedia&parent=279"}],"curies":[{"name":"wp","href":"https:\/\/api.w.org\/{rel}","templated":true}]}}