{"id":168,"date":"2014-07-25T11:36:05","date_gmt":"2014-07-25T10:36:05","guid":{"rendered":"http:\/\/www.cuem.info\/?page_id=168"},"modified":"2018-06-27T20:22:14","modified_gmt":"2018-06-27T19:22:14","slug":"s-amin-russia-and-the-ukraine-crisis-article-032014","status":"publish","type":"page","link":"https:\/\/www.cuem.info\/?page_id=168","title":{"rendered":"3\/2014 &#8211; Samir AMIN&nbsp;:<br><b>Russia and the Ukraine Crisis<\/b> (article)"},"content":{"rendered":"<p><em><a href=\"http:\/\/www.cuem.info\/?page_id=170\">R\u00e9sum\u00e9 en fran\u00e7ais<\/a><\/em><\/p>\n<h3>Russia and the Ukraine Crisis: The Eurasian Project in Conflict with the Triad Imperialist Policies<\/h3>\n<p>by Samir Amin<\/p>\n<p><em>Moscow, March 2014<\/em><\/p>\n<p>1. The current global stage is dominated by the attempt of historical centers of imperialism (the US, Western and Central Europe, Japan &#8212; hereafter called \u00ab\u00a0the Triad\u00a0\u00bb) to maintain their <em>exclusive<\/em> control over the planet through a combination of:<\/p>\n<ol>\n<li>so-called neo-liberal economic globalization policies allowing financial transnational capital of the Triad to decide alone on all issues in their exclusive interests;<\/li>\n<\/ol>\n<p>&nbsp;<\/p>\n<ol>\n<li>the military control of the planet by the US and its subordinate allies (NATO and Japan) in order to annihilate any attempt by any country not of the Triad to move out from under their yoke.<\/li>\n<\/ol>\n<p>In that respect all countries of the world not of the Triad are enemies or potential enemies, except those who accept complete submission to the economic and political strategy of the Triad &#8212; such as the two new \u00ab\u00a0democratic republics\u00a0\u00bb of Saudi Arabia and Qatar! \u00a0The so-called \u00ab\u00a0international community\u00a0\u00bb to which the Western medias refer continuously is indeed reduced to the G7 plus Saudi Arabia and Qatar. \u00a0Any other country, even when its government is currently aligned with the Triad, is a potential enemy since the peoples of those countries may reject that submission.<\/p>\n<p>2. In that frame Russia is \u00ab\u00a0an enemy.\u00a0\u00bb<\/p>\n<p>Whatever might be our assessment of what the Soviet Union was (\u00ab\u00a0socialist\u00a0\u00bb or something else), the Triad fought it simply because it was an attempt to develop independently of dominant capitalism\/imperialism.<\/p>\n<p>After the breakdown of the Soviet system, some people (in Russia in particular) thought that the \u00ab\u00a0West\u00a0\u00bb would not antagonize a \u00ab\u00a0capitalist Russia\u00a0\u00bb &#8212; just as Germany and Japan had \u00ab\u00a0lost the war but won the peace.\u00a0\u00bb \u00a0They forgot that the Western powers supported the reconstruction of the former fascist countries precisely to face the challenge of the independent policies of the Soviet Union. \u00a0Now, this challenge having disappeared, the target of the Triad is complete submission, to destroy the capacity of Russia to resist.<\/p>\n<p>3. The current development of the Ukraine tragedy illustrates the reality of the strategic target of the Triad.<\/p>\n<p>The Triad organized in Kiev what ought to be called a \u00ab\u00a0Euro\/Nazi putsch.\u00a0\u00bb \u00a0To achieve their target (separating the historical twin sister nations &#8212; the Russian and the Ukrainian), they needed the support of local Nazis.<\/p>\n<p>The rhetoric of the Western medias, claiming that the policies of the Triad aim at promoting democracy, is <em>simply a lie.<\/em> \u00a0Nowhere has the Triad promoted democracy. \u00a0On the contrary these policies have systematically been supporting the most anti-democratic (in some cases \u00ab\u00a0fascist\u00a0\u00bb) local forces.\u00a0 Quasi-fascist in the former Yugoslavia &#8212; in Croatia and Kosovo &#8212; as well as in the Baltic states and Eastern Europe, Hungary for instance.\u00a0 Eastern Europe has been \u00ab\u00a0integrated\u00a0\u00bb in the European Union not as equal partners, but as \u00ab\u00a0semi-colonies\u00a0\u00bb of major Western and Central European capitalist\/imperialist powers. \u00a0The relation between West and East in the European system is in some degree similar to that which rules the relations between the US and Latin America! \u00a0In the countries of the South the Triad supported the extreme anti-democratic forces such as, for instance, ultra-reactionary political Islam and, with their complicity, has destroyed societies; the cases of Iraq, Syria, Egypt, Libya illustrate these targets of the Triad imperialist project.<\/p>\n<p>4. Therefore the policy of Russia (as developed by the administration of Putin) to resist the project of colonization of Ukraine (and of other countries of the former Soviet Union, in Transcaucasia and Central Asia) must be supported. \u00a0The Baltic states&rsquo; experience should not be repeated. \u00a0The target of constructing a \u00ab\u00a0Eurasian\u00a0\u00bb community, independent from the Triad and its subordinate European partners, is also to be supported.<\/p>\n<p>But this positive Russian \u00ab\u00a0international policy\u00a0\u00bb <em>is bound to fail<\/em> if it is not supported by the Russian people. \u00a0And this support cannot be won on the exclusive basis of \u00ab\u00a0nationalism,\u00a0\u00bb even a positive progressive &#8212; not chauvinistic &#8212; brand of \u00ab\u00a0nationalism,\u00a0\u00bb <em>a fortiori<\/em> not by a \u00ab\u00a0chauvinistic\u00a0\u00bb Russian rhetoric. \u00a0Fascism in Ukraine cannot be challenged by Russian fascism.\u00a0 The support can be won only if the internal economic and social policy pursued promotes the interests of the majority of the working people.<\/p>\n<p>What do I mean by a \u00ab\u00a0people-oriented\u00a0\u00bb policy favoring the working classes?<\/p>\n<p>Do I mean \u00ab\u00a0socialism,\u00a0\u00bb or even a nostalgia of the Soviet system? \u00a0This is not the place to re-assess the Soviet experience, in a few lines! \u00a0I shall only summarize my views in a few sentences. \u00a0The authentic Russian socialist revolution produced a state socialism which was the only possible first step toward socialism; after Stalin that state socialism moved towards becoming state capitalism (explaining the difference between the two concepts is important but not the subject of this short paper). \u00a0As of 1991 state capitalism was dismantled and replaced by \u00ab\u00a0normal\u00a0\u00bb capitalism based on private property, which, as in all countries of contemporary capitalism, is basically the property of financial monopolies, owned by the oligarchy (similar to, not different from, the oligarchies running capitalism in the Triad), many coming out of the former <em>nomenklatura<\/em>, and some newcomers.<\/p>\n<p>The explosion of creative authentic democratic practices initiated by the Russian (October) revolution was subsequently tamed and replaced by an autocratic pattern of management of society, albeit granting social rights to the working classes. \u00a0This system led to massive depoliticization and was not protected from despotic and even criminal deviations. \u00a0The new pattern of savage capitalism is based on the continuation of depoliticization and the <em>non-respect<\/em> of democratic rights.<\/p>\n<p>Such a system rules not only Russia, but all the other former Soviet republics. \u00a0Differences relate to the practice of the so-called \u00ab\u00a0Western\u00a0\u00bb electoral democracy, more effective in Ukraine, for instance, than in Russia. \u00a0Nonetheless this pattern of rule is not \u00ab\u00a0democracy\u00a0\u00bb but a farce compared to bourgeois democracy as it functioned at previous stages of capitalist development, including in the \u00ab\u00a0traditional democracies\u00a0\u00bb of the West, since real power is now restricted to the rule of monopolies and operates to their exclusive benefit.<\/p>\n<p>A people-oriented policy implies therefore moving away, as much as possible, from the \u00ab\u00a0liberal\u00a0\u00bb recipe and the electoral masquerade associated with it, which claims to give legitimacy to regressive social policies. \u00a0I would suggest setting up in its place a brand of new state capitalism with a social dimension (I say social, not socialist). \u00a0That system would open the road to eventual advances toward a socialization of the management of the economy and therefore authentic new advances toward an invention of democracy responding to the challenges of a modern economy.<\/p>\n<p>It is <em>only if Russia moves along such lines<\/em> that the current conflict between, on the one hand, the intended independent international policy of Moscow and, on the other hand, the pursuit of a reactionary social internal policy can be given a positive outcome. \u00a0Such a move is <em>needed <\/em>and<em> possible<\/em>: fragments of the political ruling class could align on such a program <em>if popular mobilization and action promote it<\/em>. \u00a0To the extent that similar advances are also carried out in Ukraine, Transcaucasia, and Central Asia, an authentic community of Eurasian nations can be established and become a powerful actor in the reconstruction of the world system.<\/p>\n<p>5. Russian state power remaining within the strict limits of the neo-liberal recipe annihilates the chances of success of an independent foreign policy and the chances of Russia becoming a really emerging country acting as an important international actor.<\/p>\n<p>Neo-liberalism can produce for Russia only a tragic economic and social regression, a pattern of \u00ab\u00a0lumpen development\u00a0\u00bb and a growing subordinate status in the global imperialist order. \u00a0Russia would provide to the Triad oil, gas, and some other natural resources; its industries would be reduced to the status of sub-contracting for the benefit of Western financial monopolies.<\/p>\n<p>In such a position, which is not very far from that of Russia today in the global system, attempts to act independently in the international area will remain extremely fragile, threatened by \u00ab\u00a0sanctions\u00a0\u00bb which will strengthen the disastrous alignment of the ruling economic oligarchy to the demands of dominant monopolies of the Triad. \u00a0The current outflow of \u00ab\u00a0Russian capital\u00a0\u00bb associated with the Ukraine crisis illustrates the danger. \u00a0Re-establishing state control over the movements of capital is the only effective response to that danger.<\/p>\n<p>&nbsp;<\/p>\n<p><strong>Further Readings <\/strong><\/p>\n<p>Amin, Samir.\u00a0 <a href=\"http:\/\/monthlyreview.org\/press\/books\/pb4208\/\"><em>The Implosion of Contemporary Capitalism<\/em><\/a>.\u00a0 London and NY: Pluto and Monthly Review Press, 2013.<\/p>\n<p>Amin, Samir.\u00a0 \u00ab\u00a0What &lsquo;Radical&rsquo; Means in the 21st Century.\u00a0\u00bb\u00a0 <a href=\"http:\/\/rrp.sagepub.com\/content\/45\/3.toc\"><em>Review of Radical Political Economics 45.3<\/em><\/a> (September 2013).<\/p>\n<p>Amin, Samir.\u00a0 <a href=\"https:\/\/monthlyreview.org\/2011\/10\/01\/the-democratic-fraud-and-the-universalist-alternative\">\u00ab\u00a0The Democratic Fraud and the Universalist Alternative.\u00a0\u00bb<\/a> \u00a0<em>Monthly Review<\/em> 63.5 (October 2011).<\/p>\n<p>Amin, Samir.\u00a0 \u00ab\u00a0Unity and Diversity in the Movement to Socialism.\u00a0\u00bb \u00a0<em>Monthly Review<\/em> (forthcoming in the June 2014 issue).<\/p>\n<p>Amin, Samir.\u00a0 \u00ab\u00a0Russia in the Global System.\u00a0\u00bb\u00a0 Translated from Arabic into Russian by <a href=\"http:\/\/en.wikipedia.org\/wiki\/Said_Gafurov\">Said Gafourov<\/a>.<\/p>\n<p><a href=\"http:\/\/monthlyreview.org\/author\/samiramin\">Samir Amin<\/a> is director of the Third World Forum in Dakar, Senegal.\u00a0 Among his latest works are <a href=\"http:\/\/monthlyreview.org\/press\/books\/pb4208\/\"><em>The Implosion of Contemporary Capitalism<\/em><\/a> and <a href=\"http:\/\/monthlyreview.org\/press\/books\/cl4246\/\"><em>Three Essays on Marx&rsquo;s Value Theory<\/em><\/a>, both published by Monthly Review Press in 2013.<\/p>\n","protected":false},"excerpt":{"rendered":"<p>R\u00e9sum\u00e9 en fran\u00e7ais Russia and the Ukraine Crisis: The Eurasian Project in Conflict with the Triad Imperialist Policies by Samir Amin Moscow, March 2014 1. The current global stage is dominated by the attempt of historical centers of imperialism (the US, Western and Central Europe, Japan &#8212; hereafter called \u00ab\u00a0the Triad\u00a0\u00bb) to maintain their exclusive &hellip; <a href=\"https:\/\/www.cuem.info\/?page_id=168\" class=\"more-link\">Continuer la lecture de <span class=\"screen-reader-text\">3\/2014 &#8211; Samir AMIN&nbsp;:<br \/><b>Russia and the Ukraine Crisis<\/b> (article)<\/span>  <span class=\"meta-nav\">&rarr;<\/span><\/a><\/p>\n","protected":false},"author":2,"featured_media":0,"parent":30,"menu_order":30,"comment_status":"closed","ping_status":"closed","template":"","meta":[],"_links":{"self":[{"href":"https:\/\/www.cuem.info\/index.php?rest_route=\/wp\/v2\/pages\/168"}],"collection":[{"href":"https:\/\/www.cuem.info\/index.php?rest_route=\/wp\/v2\/pages"}],"about":[{"href":"https:\/\/www.cuem.info\/index.php?rest_route=\/wp\/v2\/types\/page"}],"author":[{"embeddable":true,"href":"https:\/\/www.cuem.info\/index.php?rest_route=\/wp\/v2\/users\/2"}],"replies":[{"embeddable":true,"href":"https:\/\/www.cuem.info\/index.php?rest_route=%2Fwp%2Fv2%2Fcomments&post=168"}],"version-history":[{"count":4,"href":"https:\/\/www.cuem.info\/index.php?rest_route=\/wp\/v2\/pages\/168\/revisions"}],"predecessor-version":[{"id":918,"href":"https:\/\/www.cuem.info\/index.php?rest_route=\/wp\/v2\/pages\/168\/revisions\/918"}],"up":[{"embeddable":true,"href":"https:\/\/www.cuem.info\/index.php?rest_route=\/wp\/v2\/pages\/30"}],"wp:attachment":[{"href":"https:\/\/www.cuem.info\/index.php?rest_route=%2Fwp%2Fv2%2Fmedia&parent=168"}],"curies":[{"name":"wp","href":"https:\/\/api.w.org\/{rel}","templated":true}]}}