{"id":1130,"date":"2020-09-21T17:30:00","date_gmt":"2020-09-21T16:30:00","guid":{"rendered":"http:\/\/www.cuem.info\/?page_id=1130"},"modified":"2021-09-24T10:42:28","modified_gmt":"2021-09-24T09:42:28","slug":"conferences-20202021","status":"publish","type":"page","link":"https:\/\/www.cuem.info\/?page_id=1130","title":{"rendered":"Conf\u00e9rences 2020\/2021"},"content":{"rendered":"<p align=\"justify\"><b>Attention au changement de lieu\u00a0<\/b>: les conf\u00e9rences ont lieu sur le site de Jussieu de <i><b>Sorbonne Universit\u00e9<\/b><\/i> (4, place Jussieu, 75005 Paris &#8211; m\u00e9tro Jussieu &#8211; tour 66, couloir 66-65, 5<sup>e<\/sup> \u00e9tage) les jeudis \u00e0 17h30 (sauf exception).<\/p>\n<ul class=\"list-pages-shortcode child-pages\"><li class=\"page_item page-item-1028\"><a href=\"https:\/\/www.cuem.info\/?page_id=1028\">10\/09\/2020 &#8211; Bruno DRWESKI&nbsp;:<br><b>La Bi\u00e9lorussie post-sovi\u00e9tique<\/b><\/a><\/li>\n<li class=\"page_item page-item-1133 page_item_has_children\"><a href=\"https:\/\/www.cuem.info\/?page_id=1133\">01\/10\/2020 &#8211; Pierre STAMBUL&nbsp;:<br><b>Proche-Orient&nbsp;: La paix est-elle encore possible&nbsp;?<\/b><\/a><\/li>\n<li class=\"page_item page-item-1173\"><a href=\"https:\/\/www.cuem.info\/?page_id=1173\">26\/11\/2020 &#8211; Conf\u00e9rence-test : Aymeric MONVILLE&nbsp;:<br><b>Sur l&rsquo;historiographie de la p\u00e9riode stalinienne<\/b><\/a><\/li>\n<li class=\"page_item page-item-1137\"><a href=\"https:\/\/www.cuem.info\/?page_id=1137\">10\/12\/2020 &#8211; <span style=\"color: red; font-weight: bold\">Visioconf\u00e9rence<\/span> Alain RUSCIO&nbsp;:<br><b>Le PCF naissant et la question coloniale : la guerre du Rif<\/b><\/a><\/li>\n<li class=\"page_item page-item-1156\"><a href=\"https:\/\/www.cuem.info\/?page_id=1156\"><s>13\/01\/2021<\/s> &#8211; <span style=\"color: red\"><strong>Report de la conf\u00e9rence<\/strong><\/span> Alain Bihr&nbsp;:<br><b>Le premier \u00e2ge du capitalisme<\/b><br>Ce s\u00e9minaire sera commun au CUEM et \u00e0 Marx au XXI<sup>e<\/sup> si\u00e8cle. Il aura lieu \u00e0 la Sorbonne, amphi. Oury, entr\u00e9e par le 1, rue Victor Cousin, 75005.<\/a><\/li>\n<li class=\"page_item page-item-1135\"><a href=\"https:\/\/www.cuem.info\/?page_id=1135\">14\/1\/2021 &#8211; <span style=\"color: red; font-weight: bold\">Visioconf\u00e9rence<\/span> Bernard JAMET&nbsp;:<br><b>Changement climatique et transition \u00e9nerg\u00e9tique<\/b><\/a><\/li>\n<li class=\"page_item page-item-1139\"><a href=\"https:\/\/www.cuem.info\/?page_id=1139\"><s>21\/01\/2021<\/s> &#8211; <span style=\"color: red\"><strong>Report de la conf\u00e9rence<\/strong><\/span> Gilles RAMSTEIN et Sylvestre HUET&nbsp;:<br><b>Les mod\u00e8les d\u2019analyses du climat<\/b><\/a><\/li>\n<li class=\"page_item page-item-1141\"><a href=\"https:\/\/www.cuem.info\/?page_id=1141\"><s>11\/02\/2021<\/s> &#8211; <span style=\"color: red\"><strong>Report de la conf\u00e9rence<\/strong><\/span> Mushtaq ALI SHAN&nbsp;:<br><b>Pakistan : une cl\u00e9 dans les affrontements imp\u00e9rialistes en Asie<\/b><\/a><\/li>\n<li class=\"page_item page-item-1143\"><a href=\"https:\/\/www.cuem.info\/?page_id=1143\"><s>11\/03\/2021<\/s> &#8211; <span style=\"color: red\"><strong>Report de la conf\u00e9rence<\/strong><\/span> Luigi SANCHI&nbsp;:<br><b>Lecture comment\u00e9e de \u00ab&nbsp;Salaires, prix, profits&nbsp;\u00bb de Karl Marx<\/b><\/a><\/li>\n<li class=\"page_item page-item-1212\"><a href=\"https:\/\/www.cuem.info\/?page_id=1212\">25\/03\/2021 &#8211; Annie LACROIX-RIZ&nbsp;:<br><b>Scissions syndicales, r\u00e9formisme et imp\u00e9rialismes dominants 1939-1949<\/b><\/a><\/li>\n<li class=\"page_item page-item-1145\"><a href=\"https:\/\/www.cuem.info\/?page_id=1145\">20\/05\/2021 &#8211; Emmanuel L\u00c9PINE&nbsp;:<br><b>Syndicalisme de collaboration ou de lutte de classe<\/b><\/a><\/li>\n<li class=\"page_item page-item-1147\"><a href=\"https:\/\/www.cuem.info\/?page_id=1147\">10\/06\/2021 &#8211; Michel GRUSELLE&nbsp;:<br><b>L\u2019imp\u00e9rialisme au XXI<sup><span style=\"text-transform: lowercase\">e<\/span><\/sup> si\u00e8cle \u00e0 partir du livre de John Smith<\/b><\/a><\/li>\n<\/ul>\n<p>Le d\u00e9bat sur <b>L\u2019imp\u00e9rialisme et la Chine<\/b> (\u00e0 la demande des participants \u00e0 la conf\u00e9rence <b>La Chine est-elle capitaliste\u00a0?<\/b>) est en cours de finalisation.<\/p>\n","protected":false},"excerpt":{"rendered":"<p>Attention au changement de lieu\u00a0: les conf\u00e9rences ont lieu sur le site de Jussieu de Sorbonne Universit\u00e9 (4, place Jussieu, 75005 Paris &#8211; m\u00e9tro Jussieu &#8211; tour 66, couloir 66-65, 5e \u00e9tage) les jeudis \u00e0 17h30 (sauf exception). Le d\u00e9bat sur L\u2019imp\u00e9rialisme et la Chine (\u00e0 la demande des participants \u00e0 la conf\u00e9rence La Chine &hellip; <a href=\"https:\/\/www.cuem.info\/?page_id=1130\" class=\"more-link\">Continuer la lecture de <span class=\"screen-reader-text\">Conf\u00e9rences 2020\/2021<\/span>  <span class=\"meta-nav\">&rarr;<\/span><\/a><\/p>\n","protected":false},"author":1,"featured_media":0,"parent":58,"menu_order":80,"comment_status":"closed","ping_status":"closed","template":"","meta":[],"_links":{"self":[{"href":"https:\/\/www.cuem.info\/index.php?rest_route=\/wp\/v2\/pages\/1130"}],"collection":[{"href":"https:\/\/www.cuem.info\/index.php?rest_route=\/wp\/v2\/pages"}],"about":[{"href":"https:\/\/www.cuem.info\/index.php?rest_route=\/wp\/v2\/types\/page"}],"author":[{"embeddable":true,"href":"https:\/\/www.cuem.info\/index.php?rest_route=\/wp\/v2\/users\/1"}],"replies":[{"embeddable":true,"href":"https:\/\/www.cuem.info\/index.php?rest_route=%2Fwp%2Fv2%2Fcomments&post=1130"}],"version-history":[{"count":7,"href":"https:\/\/www.cuem.info\/index.php?rest_route=\/wp\/v2\/pages\/1130\/revisions"}],"predecessor-version":[{"id":1243,"href":"https:\/\/www.cuem.info\/index.php?rest_route=\/wp\/v2\/pages\/1130\/revisions\/1243"}],"up":[{"embeddable":true,"href":"https:\/\/www.cuem.info\/index.php?rest_route=\/wp\/v2\/pages\/58"}],"wp:attachment":[{"href":"https:\/\/www.cuem.info\/index.php?rest_route=%2Fwp%2Fv2%2Fmedia&parent=1130"}],"curies":[{"name":"wp","href":"https:\/\/api.w.org\/{rel}","templated":true}]}}